{"id":246,"date":"2023-06-24T13:40:47","date_gmt":"2023-06-24T13:40:47","guid":{"rendered":"https:\/\/liceosantoangel.edu.co\/?page_id=246"},"modified":"2023-08-17T14:41:25","modified_gmt":"2023-08-17T14:41:25","slug":"educacion-inicial","status":"publish","type":"page","link":"https:\/\/liceosantoangel.edu.co\/index.php\/educacion-inicial\/","title":{"rendered":"Educaci\u00f3n Inicial"},"content":{"rendered":"\t\t<div data-elementor-type=\"wp-page\" data-elementor-id=\"246\" class=\"elementor elementor-246\" data-elementor-post-type=\"page\">\n\t\t\t\t\t\t<section class=\"elementor-section elementor-top-section elementor-element elementor-element-7dad7646 elementor-section-content-middle elementor-section-boxed elementor-section-height-default elementor-section-height-default\" data-id=\"7dad7646\" data-element_type=\"section\">\n\t\t\t\t\t\t<div class=\"elementor-container elementor-column-gap-no\">\n\t\t\t\t\t<div class=\"elementor-column elementor-col-100 elementor-top-column elementor-element elementor-element-2316f0fa\" data-id=\"2316f0fa\" data-element_type=\"column\">\n\t\t\t<div class=\"elementor-widget-wrap elementor-element-populated\">\n\t\t\t\t\t\t<div class=\"elementor-element elementor-element-209f8223 elementor-cta--layout-image-left elementor-cta--valign-middle elementor-cta--skin-classic elementor-animated-content elementor-bg-transform elementor-bg-transform-zoom-in elementor-widget elementor-widget-call-to-action\" data-id=\"209f8223\" data-element_type=\"widget\" data-widget_type=\"call-to-action.default\">\n\t\t\t\t<div class=\"elementor-widget-container\">\n\t\t\t\t\t\t\t<div class=\"elementor-cta\">\n\t\t\t\t\t<div class=\"elementor-cta__bg-wrapper\">\n\t\t\t\t<div class=\"elementor-cta__bg elementor-bg\" style=\"background-image: url(https:\/\/liceosantoangel.edu.co\/wp-content\/uploads\/2023\/06\/pexels-cottonbro-studio-3662630-scaled.jpg);\" role=\"img\" aria-label=\"pexels-cottonbro-studio-3662630\"><\/div>\n\t\t\t\t<div class=\"elementor-cta__bg-overlay\"><\/div>\n\t\t\t<\/div>\n\t\t\t\t\t\t\t<div class=\"elementor-cta__content\">\n\t\t\t\t\n\t\t\t\t\t\t\t\t\t<h2 class=\"elementor-cta__title elementor-cta__content-item elementor-content-item\">\n\t\t\t\t\t\tEducaci\u00f3n Inicial\t\t\t\t\t<\/h2>\n\t\t\t\t\n\t\t\t\t\t\t\t\t\t<div class=\"elementor-cta__description elementor-cta__content-item elementor-content-item\">\n\t\t\t\t\t\tEn nuestra instituci\u00f3n la educaci\u00f3n inicial es un factor fundamental en el desarrollo de nuestros ni\u00f1os-as. Comprende los grados de salacuna, caminadores y p\u00e1rvulos. Siendo nosotros la \u00fanica instituci\u00f3n educativa de car\u00e1cter privado en Sogamoso, que ofrece este servicio para beb\u00e9s desde los cuatro meses hasta los dos a\u00f1os.<br>promoviendo en las familias sogamose\u00f1as el desarrollo de sus proyectos profesionales de los padres, garantizando el buen desarrollo de sus peque\u00f1os con seguridad y amor.  \t\t\t\t\t<\/div>\n\t\t\t\t\n\t\t\t\t\t\t\t\t\t<div class=\"elementor-cta__button-wrapper elementor-cta__content-item elementor-content-item \">\n\t\t\t\t\t<a class=\"elementor-cta__button elementor-button elementor-size-md\">\n\t\t\t\t\t\tRead More\t\t\t\t\t<\/a>\n\t\t\t\t\t<\/div>\n\t\t\t\t\t\t\t<\/div>\n\t\t\t\t\t\t<\/div>\n\t\t\t\t\t\t<\/div>\n\t\t\t\t<\/div>\n\t\t\t\t\t<\/div>\n\t\t<\/div>\n\t\t\t\t\t<\/div>\n\t\t<\/section>\n\t\t\t\t<section class=\"elementor-section elementor-top-section elementor-element elementor-element-ad98649 elementor-section-content-middle elementor-section-boxed elementor-section-height-default elementor-section-height-default\" data-id=\"ad98649\" data-element_type=\"section\" data-settings=\"{&quot;background_background&quot;:&quot;gradient&quot;}\">\n\t\t\t\t\t\t<div class=\"elementor-container elementor-column-gap-no\">\n\t\t\t\t\t<div class=\"elementor-column elementor-col-33 elementor-top-column elementor-element elementor-element-35ac1b03\" data-id=\"35ac1b03\" data-element_type=\"column\">\n\t\t\t<div class=\"elementor-widget-wrap elementor-element-populated\">\n\t\t\t\t\t\t<div class=\"elementor-element elementor-element-55c340c7 elementor-widget elementor-widget-heading\" data-id=\"55c340c7\" data-element_type=\"widget\" data-widget_type=\"heading.default\">\n\t\t\t\t<div class=\"elementor-widget-container\">\n\t\t\t\t\t<h3 class=\"elementor-heading-title elementor-size-default\">Salacuna<\/h3>\t\t\t\t<\/div>\n\t\t\t\t<\/div>\n\t\t\t\t<div class=\"elementor-element elementor-element-244fcd1b elementor-widget elementor-widget-image\" data-id=\"244fcd1b\" data-element_type=\"widget\" data-widget_type=\"image.default\">\n\t\t\t\t<div class=\"elementor-widget-container\">\n\t\t\t\t\t\t\t\t\t\t\t\t\t\t\t<img fetchpriority=\"high\" decoding=\"async\" width=\"1024\" height=\"683\" src=\"https:\/\/liceosantoangel.edu.co\/wp-content\/uploads\/2023\/06\/pexels-lisa-fotios-5435598-1024x683.jpg\" class=\"elementor-animation-grow attachment-large size-large wp-image-258\" alt=\"\" srcset=\"https:\/\/liceosantoangel.edu.co\/wp-content\/uploads\/2023\/06\/pexels-lisa-fotios-5435598-1024x683.jpg 1024w, https:\/\/liceosantoangel.edu.co\/wp-content\/uploads\/2023\/06\/pexels-lisa-fotios-5435598-300x200.jpg 300w, https:\/\/liceosantoangel.edu.co\/wp-content\/uploads\/2023\/06\/pexels-lisa-fotios-5435598-768x512.jpg 768w, https:\/\/liceosantoangel.edu.co\/wp-content\/uploads\/2023\/06\/pexels-lisa-fotios-5435598-1536x1024.jpg 1536w, https:\/\/liceosantoangel.edu.co\/wp-content\/uploads\/2023\/06\/pexels-lisa-fotios-5435598-2048x1365.jpg 2048w\" sizes=\"(max-width: 1024px) 100vw, 1024px\" \/>\t\t\t\t\t\t\t\t\t\t\t\t\t\t\t<\/div>\n\t\t\t\t<\/div>\n\t\t\t\t\t<\/div>\n\t\t<\/div>\n\t\t\t\t<div class=\"elementor-column elementor-col-33 elementor-top-column elementor-element elementor-element-1d56d9f3\" data-id=\"1d56d9f3\" data-element_type=\"column\">\n\t\t\t<div class=\"elementor-widget-wrap elementor-element-populated\">\n\t\t\t\t\t\t<div class=\"elementor-element elementor-element-103f975d elementor-widget elementor-widget-image\" data-id=\"103f975d\" data-element_type=\"widget\" data-widget_type=\"image.default\">\n\t\t\t\t<div class=\"elementor-widget-container\">\n\t\t\t\t\t\t\t\t\t\t\t\t\t\t\t<img decoding=\"async\" width=\"761\" height=\"1024\" src=\"https:\/\/liceosantoangel.edu.co\/wp-content\/uploads\/2023\/06\/P1030776_clipdrop-enhance-scaled-e1687614916483-761x1024.jpg\" class=\"elementor-animation-grow attachment-large size-large wp-image-259\" alt=\"\" srcset=\"https:\/\/liceosantoangel.edu.co\/wp-content\/uploads\/2023\/06\/P1030776_clipdrop-enhance-scaled-e1687614916483-761x1024.jpg 761w, https:\/\/liceosantoangel.edu.co\/wp-content\/uploads\/2023\/06\/P1030776_clipdrop-enhance-scaled-e1687614916483-223x300.jpg 223w, https:\/\/liceosantoangel.edu.co\/wp-content\/uploads\/2023\/06\/P1030776_clipdrop-enhance-scaled-e1687614916483-768x1033.jpg 768w, https:\/\/liceosantoangel.edu.co\/wp-content\/uploads\/2023\/06\/P1030776_clipdrop-enhance-scaled-e1687614916483-1142x1536.jpg 1142w, https:\/\/liceosantoangel.edu.co\/wp-content\/uploads\/2023\/06\/P1030776_clipdrop-enhance-scaled-e1687614916483.jpg 1427w\" sizes=\"(max-width: 761px) 100vw, 761px\" \/>\t\t\t\t\t\t\t\t\t\t\t\t\t\t\t<\/div>\n\t\t\t\t<\/div>\n\t\t\t\t<div class=\"elementor-element elementor-element-f0986c9 elementor-widget elementor-widget-text-editor\" data-id=\"f0986c9\" data-element_type=\"widget\" data-widget_type=\"text-editor.default\">\n\t\t\t\t<div class=\"elementor-widget-container\">\n\t\t\t\t\t\t\t\t\t<p>Es el grado m\u00e1s lindo y consentido de nuestra institucion, se caracteriza por propiciar procesos de adaptaci\u00f3n maternales en ni\u00f1os de 4 meses a un a\u00f1o. Con base en el cuidado y la afectividad brindada por nuestras profesionales expertas en educaci\u00f3n inicial.<\/p>\t\t\t\t\t\t\t\t<\/div>\n\t\t\t\t<\/div>\n\t\t\t\t\t<\/div>\n\t\t<\/div>\n\t\t\t\t<div class=\"elementor-column elementor-col-33 elementor-top-column elementor-element elementor-element-5753d830\" data-id=\"5753d830\" data-element_type=\"column\">\n\t\t\t<div class=\"elementor-widget-wrap elementor-element-populated\">\n\t\t\t\t\t\t<div class=\"elementor-element elementor-element-216eaa8d elementor-widget elementor-widget-image\" data-id=\"216eaa8d\" data-element_type=\"widget\" data-widget_type=\"image.default\">\n\t\t\t\t<div class=\"elementor-widget-container\">\n\t\t\t\t\t\t\t\t\t\t\t\t\t\t\t<img decoding=\"async\" width=\"1644\" height=\"2048\" src=\"https:\/\/liceosantoangel.edu.co\/wp-content\/uploads\/2023\/06\/pexels-pixabay-272056-scaled-e1687615072342.jpg\" class=\"elementor-animation-grow attachment-full size-full wp-image-260\" alt=\"\" srcset=\"https:\/\/liceosantoangel.edu.co\/wp-content\/uploads\/2023\/06\/pexels-pixabay-272056-scaled-e1687615072342.jpg 1644w, https:\/\/liceosantoangel.edu.co\/wp-content\/uploads\/2023\/06\/pexels-pixabay-272056-scaled-e1687615072342-241x300.jpg 241w, https:\/\/liceosantoangel.edu.co\/wp-content\/uploads\/2023\/06\/pexels-pixabay-272056-scaled-e1687615072342-822x1024.jpg 822w, https:\/\/liceosantoangel.edu.co\/wp-content\/uploads\/2023\/06\/pexels-pixabay-272056-scaled-e1687615072342-768x957.jpg 768w, https:\/\/liceosantoangel.edu.co\/wp-content\/uploads\/2023\/06\/pexels-pixabay-272056-scaled-e1687615072342-1233x1536.jpg 1233w\" sizes=\"(max-width: 1644px) 100vw, 1644px\" \/>\t\t\t\t\t\t\t\t\t\t\t\t\t\t\t<\/div>\n\t\t\t\t<\/div>\n\t\t\t\t\t<\/div>\n\t\t<\/div>\n\t\t\t\t\t<\/div>\n\t\t<\/section>\n\t\t\t\t<section class=\"elementor-section elementor-top-section elementor-element elementor-element-3523db06 elementor-section-content-middle elementor-section-boxed elementor-section-height-default elementor-section-height-default\" data-id=\"3523db06\" data-element_type=\"section\">\n\t\t\t\t\t\t<div class=\"elementor-container elementor-column-gap-no\">\n\t\t\t\t\t<div class=\"elementor-column elementor-col-33 elementor-top-column elementor-element elementor-element-523ad665\" data-id=\"523ad665\" data-element_type=\"column\">\n\t\t\t<div class=\"elementor-widget-wrap elementor-element-populated\">\n\t\t\t\t\t\t<div class=\"elementor-element elementor-element-31f81601 elementor-widget elementor-widget-heading\" data-id=\"31f81601\" data-element_type=\"widget\" data-widget_type=\"heading.default\">\n\t\t\t\t<div class=\"elementor-widget-container\">\n\t\t\t\t\t<h3 class=\"elementor-heading-title elementor-size-default\">Caminadores<\/h3>\t\t\t\t<\/div>\n\t\t\t\t<\/div>\n\t\t\t\t<div class=\"elementor-element elementor-element-f0e5b6c elementor-widget-divider--view-line elementor-widget elementor-widget-divider\" data-id=\"f0e5b6c\" data-element_type=\"widget\" data-widget_type=\"divider.default\">\n\t\t\t\t<div class=\"elementor-widget-container\">\n\t\t\t\t\t\t\t<div class=\"elementor-divider\">\n\t\t\t<span class=\"elementor-divider-separator\">\n\t\t\t\t\t\t<\/span>\n\t\t<\/div>\n\t\t\t\t\t\t<\/div>\n\t\t\t\t<\/div>\n\t\t\t\t\t<\/div>\n\t\t<\/div>\n\t\t\t\t<div class=\"elementor-column elementor-col-33 elementor-top-column elementor-element elementor-element-12f4dba\" data-id=\"12f4dba\" data-element_type=\"column\">\n\t\t\t<div class=\"elementor-widget-wrap elementor-element-populated\">\n\t\t\t\t\t\t<div class=\"elementor-element elementor-element-1ed8e80d elementor-widget elementor-widget-image\" data-id=\"1ed8e80d\" data-element_type=\"widget\" data-widget_type=\"image.default\">\n\t\t\t\t<div class=\"elementor-widget-container\">\n\t\t\t\t\t\t\t\t\t\t\t\t\t\t\t<img loading=\"lazy\" decoding=\"async\" width=\"1004\" height=\"1734\" src=\"https:\/\/liceosantoangel.edu.co\/wp-content\/uploads\/2023\/06\/pexels-\u0430\u043d\u0430\u0441\u0442\u0430\u0441\u0438\u044f-\u0442\u0440\u0438\u0431\u0431\u0438\u0430\u043d\u0438-9264493-scaled-e1687615466408.jpg\" class=\"elementor-animation-grow attachment-full size-full wp-image-263\" alt=\"\" srcset=\"https:\/\/liceosantoangel.edu.co\/wp-content\/uploads\/2023\/06\/pexels-\u0430\u043d\u0430\u0441\u0442\u0430\u0441\u0438\u044f-\u0442\u0440\u0438\u0431\u0431\u0438\u0430\u043d\u0438-9264493-scaled-e1687615466408.jpg 1004w, https:\/\/liceosantoangel.edu.co\/wp-content\/uploads\/2023\/06\/pexels-\u0430\u043d\u0430\u0441\u0442\u0430\u0441\u0438\u044f-\u0442\u0440\u0438\u0431\u0431\u0438\u0430\u043d\u0438-9264493-scaled-e1687615466408-174x300.jpg 174w, https:\/\/liceosantoangel.edu.co\/wp-content\/uploads\/2023\/06\/pexels-\u0430\u043d\u0430\u0441\u0442\u0430\u0441\u0438\u044f-\u0442\u0440\u0438\u0431\u0431\u0438\u0430\u043d\u0438-9264493-scaled-e1687615466408-593x1024.jpg 593w, https:\/\/liceosantoangel.edu.co\/wp-content\/uploads\/2023\/06\/pexels-\u0430\u043d\u0430\u0441\u0442\u0430\u0441\u0438\u044f-\u0442\u0440\u0438\u0431\u0431\u0438\u0430\u043d\u0438-9264493-scaled-e1687615466408-768x1326.jpg 768w, https:\/\/liceosantoangel.edu.co\/wp-content\/uploads\/2023\/06\/pexels-\u0430\u043d\u0430\u0441\u0442\u0430\u0441\u0438\u044f-\u0442\u0440\u0438\u0431\u0431\u0438\u0430\u043d\u0438-9264493-scaled-e1687615466408-889x1536.jpg 889w\" sizes=\"(max-width: 1004px) 100vw, 1004px\" \/>\t\t\t\t\t\t\t\t\t\t\t\t\t\t\t<\/div>\n\t\t\t\t<\/div>\n\t\t\t\t\t<\/div>\n\t\t<\/div>\n\t\t\t\t<div class=\"elementor-column elementor-col-33 elementor-top-column elementor-element elementor-element-27f2678e\" data-id=\"27f2678e\" data-element_type=\"column\">\n\t\t\t<div class=\"elementor-widget-wrap elementor-element-populated\">\n\t\t\t\t\t\t<div class=\"elementor-element elementor-element-5ec5f867 elementor-widget elementor-widget-text-editor\" data-id=\"5ec5f867\" data-element_type=\"widget\" data-widget_type=\"text-editor.default\">\n\t\t\t\t<div class=\"elementor-widget-container\">\n\t\t\t\t\t\t\t\t\t<p>Nuestros caminadores dan sus primeros pasos y aprenden a reconocer el mundo desde la mirada de exploradores, desde el balbuceo hacia el lenguaje oral, de la mano de nuestras afectuosas maestras, en grupos muy peque\u00f1os, los ni\u00f1os-as reconocen el mundo y van adquiriendo seguridad motriz y socioafectiva.<\/p><p>En este nivel nuestros ni\u00f1os-as van adquiriendo destrezas motoras que les permiten desarrollar mayor seguridad en sus desplazamientos. Todas nuestras actividades van enfocadas al desarrollo psicomotor y sensorial priorizando el cuidado y amor hacia nuestros caminadores.<\/p>\t\t\t\t\t\t\t\t<\/div>\n\t\t\t\t<\/div>\n\t\t\t\t\t<\/div>\n\t\t<\/div>\n\t\t\t\t\t<\/div>\n\t\t<\/section>\n\t\t\t\t<section class=\"elementor-section elementor-top-section elementor-element elementor-element-ff71188 elementor-section-content-middle elementor-section-boxed elementor-section-height-default elementor-section-height-default\" data-id=\"ff71188\" data-element_type=\"section\">\n\t\t\t\t\t\t<div class=\"elementor-container elementor-column-gap-no\">\n\t\t\t\t\t<div class=\"elementor-column elementor-col-100 elementor-top-column elementor-element elementor-element-2b469e0a\" data-id=\"2b469e0a\" data-element_type=\"column\">\n\t\t\t<div class=\"elementor-widget-wrap elementor-element-populated\">\n\t\t\t\t\t\t<div class=\"elementor-element elementor-element-6b170cd6 elementor-widget elementor-widget-image\" data-id=\"6b170cd6\" data-element_type=\"widget\" data-widget_type=\"image.default\">\n\t\t\t\t<div class=\"elementor-widget-container\">\n\t\t\t\t\t\t\t\t\t\t\t\t\t\t\t<img loading=\"lazy\" decoding=\"async\" width=\"2560\" height=\"1920\" src=\"https:\/\/liceosantoangel.edu.co\/wp-content\/uploads\/2023\/06\/P1030756_clipdrop-enhance-scaled.jpg\" class=\"attachment-full size-full wp-image-264\" alt=\"\" srcset=\"https:\/\/liceosantoangel.edu.co\/wp-content\/uploads\/2023\/06\/P1030756_clipdrop-enhance-scaled.jpg 2560w, https:\/\/liceosantoangel.edu.co\/wp-content\/uploads\/2023\/06\/P1030756_clipdrop-enhance-300x225.jpg 300w, https:\/\/liceosantoangel.edu.co\/wp-content\/uploads\/2023\/06\/P1030756_clipdrop-enhance-1024x768.jpg 1024w, https:\/\/liceosantoangel.edu.co\/wp-content\/uploads\/2023\/06\/P1030756_clipdrop-enhance-768x576.jpg 768w, https:\/\/liceosantoangel.edu.co\/wp-content\/uploads\/2023\/06\/P1030756_clipdrop-enhance-1536x1152.jpg 1536w, https:\/\/liceosantoangel.edu.co\/wp-content\/uploads\/2023\/06\/P1030756_clipdrop-enhance-2048x1536.jpg 2048w\" sizes=\"(max-width: 2560px) 100vw, 2560px\" \/>\t\t\t\t\t\t\t\t\t\t\t\t\t\t\t<\/div>\n\t\t\t\t<\/div>\n\t\t\t\t<div class=\"elementor-element elementor-element-65d58a8 elementor-widget elementor-widget-heading\" data-id=\"65d58a8\" data-element_type=\"widget\" data-widget_type=\"heading.default\">\n\t\t\t\t<div class=\"elementor-widget-container\">\n\t\t\t\t\t<h3 class=\"elementor-heading-title elementor-size-default\">Parvulos<\/h3>\t\t\t\t<\/div>\n\t\t\t\t<\/div>\n\t\t\t\t<div class=\"elementor-element elementor-element-566722e5 elementor-widget elementor-widget-text-editor\" data-id=\"566722e5\" data-element_type=\"widget\" data-widget_type=\"text-editor.default\">\n\t\t\t\t<div class=\"elementor-widget-container\">\n\t\t\t\t\t\t\t\t\t<p>En este tierno grado desarrollamos actividades que fortalecen en nuestros ni\u00f1os-as su autonom\u00eda generando confianza en el desarrollo de habilidades propias de su edad; dejan el pa\u00f1al y se convierten en ni\u00f1os-as m\u00e1s independientes m\u00e1s conversadores, les encanta construir, leer im\u00e1genes y superar retos sencillos, retos en circuitos motores. Est\u00e1n aprendiendo a compartir y a comprender peque\u00f1as normas de convivencia.<\/p><p>Igualmente desarrollamos habilidades de lenguaje que les ayudan a comunicar sentimientos y necesidades a partir del uso de palabras y oraciones cortas, permitiendo a nuestros ni\u00f1os-as expresarse y relacionarse con otros de manera verbal.<\/p>\t\t\t\t\t\t\t\t<\/div>\n\t\t\t\t<\/div>\n\t\t\t\t\t<\/div>\n\t\t<\/div>\n\t\t\t\t\t<\/div>\n\t\t<\/section>\n\t\t\t\t<\/div>\n\t\t","protected":false},"excerpt":{"rendered":"<p>Educaci\u00f3n Inicial En nuestra instituci\u00f3n la educaci\u00f3n inicial es un factor fundamental en el desarrollo de nuestros ni\u00f1os-as. Comprende los grados de salacuna, caminadores y p\u00e1rvulos. Siendo nosotros la \u00fanica instituci\u00f3n educativa de car\u00e1cter privado en Sogamoso, que ofrece este servicio para beb\u00e9s desde los cuatro meses hasta los dos a\u00f1os.promoviendo en las familias sogamose\u00f1as [&hellip;]<\/p>\n","protected":false},"author":1,"featured_media":0,"parent":0,"menu_order":0,"comment_status":"closed","ping_status":"closed","template":"","meta":{"site-sidebar-layout":"no-sidebar","site-content-layout":"page-builder","ast-site-content-layout":"default","site-content-style":"default","site-sidebar-style":"default","ast-global-header-display":"","ast-banner-title-visibility":"","ast-main-header-display":"","ast-hfb-above-header-display":"","ast-hfb-below-header-display":"","ast-hfb-mobile-header-display":"","site-post-title":"disabled","ast-breadcrumbs-content":"","ast-featured-img":"disabled","footer-sml-layout":"","ast-disable-related-posts":"","theme-transparent-header-meta":"","adv-header-id-meta":"","stick-header-meta":"","header-above-stick-meta":"","header-main-stick-meta":"","header-below-stick-meta":"","astra-migrate-meta-layouts":"default","ast-page-background-enabled":"default","ast-page-background-meta":{"desktop":{"background-color":"var(--ast-global-color-4)","background-image":"","background-repeat":"repeat","background-position":"center center","background-size":"auto","background-attachment":"scroll","background-type":"","background-media":"","overlay-type":"","overlay-color":"","overlay-opacity":"","overlay-gradient":""},"tablet":{"background-color":"","background-image":"","background-repeat":"repeat","background-position":"center center","background-size":"auto","background-attachment":"scroll","background-type":"","background-media":"","overlay-type":"","overlay-color":"","overlay-opacity":"","overlay-gradient":""},"mobile":{"background-color":"","background-image":"","background-repeat":"repeat","background-position":"center center","background-size":"auto","background-attachment":"scroll","background-type":"","background-media":"","overlay-type":"","overlay-color":"","overlay-opacity":"","overlay-gradient":""}},"ast-content-background-meta":{"desktop":{"background-color":"var(--ast-global-color-5)","background-image":"","background-repeat":"repeat","background-position":"center center","background-size":"auto","background-attachment":"scroll","background-type":"","background-media":"","overlay-type":"","overlay-color":"","overlay-opacity":"","overlay-gradient":""},"tablet":{"background-color":"var(--ast-global-color-5)","background-image":"","background-repeat":"repeat","background-position":"center center","background-size":"auto","background-attachment":"scroll","background-type":"","background-media":"","overlay-type":"","overlay-color":"","overlay-opacity":"","overlay-gradient":""},"mobile":{"background-color":"var(--ast-global-color-5)","background-image":"","background-repeat":"repeat","background-position":"center center","background-size":"auto","background-attachment":"scroll","background-type":"","background-media":"","overlay-type":"","overlay-color":"","overlay-opacity":"","overlay-gradient":""}},"_joinchat":[],"footnotes":""},"class_list":["post-246","page","type-page","status-publish","hentry"],"_links":{"self":[{"href":"https:\/\/liceosantoangel.edu.co\/index.php\/wp-json\/wp\/v2\/pages\/246","targetHints":{"allow":["GET"]}}],"collection":[{"href":"https:\/\/liceosantoangel.edu.co\/index.php\/wp-json\/wp\/v2\/pages"}],"about":[{"href":"https:\/\/liceosantoangel.edu.co\/index.php\/wp-json\/wp\/v2\/types\/page"}],"author":[{"embeddable":true,"href":"https:\/\/liceosantoangel.edu.co\/index.php\/wp-json\/wp\/v2\/users\/1"}],"replies":[{"embeddable":true,"href":"https:\/\/liceosantoangel.edu.co\/index.php\/wp-json\/wp\/v2\/comments?post=246"}],"version-history":[{"count":16,"href":"https:\/\/liceosantoangel.edu.co\/index.php\/wp-json\/wp\/v2\/pages\/246\/revisions"}],"predecessor-version":[{"id":532,"href":"https:\/\/liceosantoangel.edu.co\/index.php\/wp-json\/wp\/v2\/pages\/246\/revisions\/532"}],"wp:attachment":[{"href":"https:\/\/liceosantoangel.edu.co\/index.php\/wp-json\/wp\/v2\/media?parent=246"}],"curies":[{"name":"wp","href":"https:\/\/api.w.org\/{rel}","templated":true}]}}